).
-39
Let a(s) = 2*s + 8. Let d(y) = -y + 16. Let i(l) = -6*a(l) + 3*d(l). Calculate i(-2).
30
Let w(o) = o - 21620 + 21606 + o**2 + 2*o**2. Determine w(4).
38
Let a(y) = -22 + 6 - 1 + 4 + 44*y + 8. Give a(1).
39
Let z(k) = 5*k - 18. Let p be z(6). Suppose -4*g + 8 = -p. Suppose -4*b + 45 = -g*t, -2*b + 2*t = -b - 15. Let y(i) = i - 4. Give y(b).
1
Let i(r) be the third derivative of r**4/6 + 25*r**3/6 - r**2 - 78. What is i(-12)?
-23
Suppose 4832 = 4*d + 4*w, 5*w + 584 = 3*d - 3040. Let v(k) = d*k**2 - 1 + 2*k**3 - 1207*k**2 + k - 3*k**3. Determine v(1).
0
Let h(y) be the first derivative of -3*y**4/2 - y**3/3 - y**2/2 - 2*y - 564. Determine h(-1).
4
Let f(d) be the second derivative of -3*d**2 - 31*d. Let p(g) = 3*g**2 - 9*g - 35. Let m(l) = -5*f(l) + p(l). Determine m(4).
7
Let o = -212 + 220. Let k(l) = 32*l**2 + 0 - 3 - 33*l**2 + o*l + 2. Calculate k(7).
6
Let y(d) = -1. Let a(s) be the second derivative of s**5/20 - 5*s**4/12 - 5*s**3/6 + s**2 - 64*s. Let n(v) = -a(v) - 2*y(v). Calculate n(6).
-6
Suppose -5*i = 3*j - 4, -5 = -5*j + 10. Let k(p) be the first derivative of 2*p**3 + p**2/2 + p + 2. Determine k(i).
6
Let b(s) = 2*s**2 + 6*s. Suppose -66 = 41*q - 52*q. Let a(l) = 7*l - 46. Let r be a(q). Determine b(r).
8
Suppose 3*f + 2*c - 6*c = 593, -621 = -3*f - 3*c. Let l = f + -202. Let s(q) = -2*q**3 + q**2 - 2*q + 1. What is s(l)?
-2
Suppose -t - 4*t + 1 = 3*o, -t = -2*o - 8. Let q(b) = 3*b - 2. Let k(w) = -w + 1. Suppose -8*h = 14*h + 66. Let l(u) = h*q(u) - 5*k(u). Give l(o).
13
Let s(i) be the first derivative of -5*i**2 + 55*i - 1358. Calculate s(3).
25
Let p(c) = c**2 + 5*c. Let f be p(-5). Let s(v) be the second derivative of -v**5/20 - v**4/12 + v**3/6 - 19*v**2/2 - 106*v. Determine s(f).
-19
Let o(t) = 145*t + t**2 - 4 + 147*t - 292*t + 1. What is o(3)?
6
Let l(z) = -7*z**3 - 20*z**2 - 29*z - 17. Let b(m) = -4*m**3 - 9*m**2 - 15*m - 8. Let o(f) = 5*b(f) - 3*l(f). Give o(-14).
39
Let x(s) = s**3 - 40*s**2 + 206*s - 13. Let f be x(6). Let y(a) = 46*a**3 - 3*a**2 - a + 1. Calculate y(f).
-47
Let v(n) be the third derivative of n**6/60 + n**5/12 - n**4/24 - n**3/3 + 173*n**2. What is v(-2)?
4
Let u(v) be the second derivative of v**3/2 - 11*v**2/2 + 93*v - 19. Let i be ((-2)/(-4))/(2/32). What is u(i)?
13
Let s(f) = 103*f + 2995. Let g be s(-29). Let p(m) = -5*m + 50. Determine p(g).
10
Let c be 21/3 + 0 + -2. Suppose -c*n = -5 - 20. Let l(f) be the first derivative of -f**2/2 + 12*f + 357. What is l(n)?
7
Let l(f) = -2*f**3 + 2*f**2 - f + 7. Let g(x) = -x**2 + x - 1. Let t(k) = -4*g(k) - l(k). Let y = -450204 + 450202. Determine t(y).
-5
Let p(y) = 133 + y**3 + 6*y**2 - 12*y - 64 + 18*y - 69. Give p(-5).
-5
Let p(v) = v**3 - 7*v**2 + 120*v - 1019. Let h be p(8). Let t = -1 + 3. Let k(o) = 2 - t*o**2 - o**3 - 3*o - h*o**2 + 2*o**2. Give k(-5).
17
Let g(q) = 4*q**2 - 17*q. Let b(z) = z**2 - z - 3. Let m be ((-18)/27)/(2/3). Let f(n) = m*g(n) + 5*b(n). What is f(-13)?
-2
Let y(q) = 59*q**2 + 12*q - 33. Let u(c) = 74*c**2 + 12*c - 33. Let i(l) = 4*u(l) - 5*y(l). Determine i(4).
1
Suppose f = -5*x + 149, 576 = 5*f + 2*x - 284. Let i(z) = 0*z - f - 196 + 388 + z. Let b = -24 + 14. Give i(b).
8
Let d(r) = 6*r**2 + 29*r + 100. Let c(b) = b**2 - 3*b + 13. Let f(q) = -4*c(q) + d(q). Calculate f(-20).
28
Suppose 0 = -4*m + 2*d - 0 + 18, -33 = -5*m - d. Let s(b) = -3*b - 5. Let o be s(-3). Let u(q) = 5 - 3 + 1 - o*q + 5*q. Give u(m).
9
Let n = 0 - -6. Let y(m) = -3*m - 5. Let q(g) = -13*g - 5. Let v(i) = -6*i - 3. Let b(p) = 2*q(p) - 5*v(p). Let o(a) = 4*b(a) + 5*y(a). Calculate o(n).
1
Let a(o) = 123*o + 5718*o**2 + o**3 - 208 - 203 - 5740*o**2 + 390. Determine a(11).
1
Let f be 4/1 - (-34)/2. Suppose -4*p - 5*c = -2*p - 64, -p + 3*c + f = 0. Let x = p + -20. Let n(h) = -h**2 + 8*h + 2. Give n(x).
9
Suppose 0 = -5*n + 16*c - 18*c + 59, -2*n = 3*c - 28. Let y(q) be the third derivative of -1/3*q**3 + n*q**2 + 0*q + 0 - 1/24*q**4. Determine y(0).
-2
Let m(h) = -6*h + 1. Suppose -2*d - u + 70 = 0, 5*d + u = 5*u + 149. Let b be 4*(-3)/(-24)*-62. Let i = b + d. What is m(i)?
-11
Suppose -4*r - 3*z = -3*r + 24, -2*r - 33 = 3*z. Let x(u) = -u**2 - u + 1. Let b(w) = 8*w + 11. Let v(o) = b(o) - x(o). What is v(r)?
10
Suppose -9041 = -6*z - 8999. Let y(s) = -12*s + 16. Give y(z).
-68
Let p(f) be the second derivative of 2*f**4 - 11*f**3/6 + 7*f**2/2 + 53*f. Let g(t) = -7*t**2 + 4*t - 2. Let o(j) = 7*g(j) + 2*p(j). Calculate o(6).
0
Let x = 268 + -131. Let z(t) = t - x + t**2 - 2*t + 136. Let u(a) = a**2 - 5*a - 4. Let g be u(6). Calculate z(g).
1
Let y(z) = 3*z**2 + 11*z + 21. Let v(u) = 27*u**2 - 219*u + 18. Let a be v(8). What is y(a)?
63
Let j(i) = 2*i**2 - 11*i - 12. Let k(s) = -2*s**2 + 13*s + 14. Let q be (156/(-65))/((-14)/(-10) - 1). Let a(b) = q*j(b) - 5*k(b). Calculate a(3).
-13
Let p(y) = -y**2 - 7*y - 1. Let a be p(-6). Let x(b) = -2 + 4 - 1 - 6 + 6. Let j(h) = h**3 - 6*h**2 + 6*h + 3. Let n(s) = -j(s) - 2*x(s). Calculate n(a).
-10
Let k(l) = -l**2 - 7*l - 1. Let v(x) = -119*x - 2*x**2 - 1 + 60*x + 58*x. Let u(r) = k(r) - v(r). Calculate u(6).
0
Let k(b) be the third derivative of b**5/30 + b**4/24 + b**3/3 - 26*b**2. Let o be k(0). Let u(j) = 4*j - 4*j**o + 194 - 194 + j**3. What is u(3)?
3
Suppose -15*y - 4*m + 2 = -13*y, 0 = 5*y + 4*m - 11. Let i(p) = -y*p**2 + 11*p**2 - 2*p - 14*p**2. Give i(2).
-28
Let l(k) = -3 + 1 + 25 + 9*k. Let f(z) = z - 49. Let p(a) = -32. Let m(i) = -5*f(i) + 8*p(i). Let g(c) = -4*l(c) - 7*m(c). Give g(-9).
-6
Let p(k) be the first derivative of -k**5/120 + k**4/12 - 8*k**3/3 - 8*k**2 + 92. Let y(v) be the third derivative of p(v). Let j = 2 - 6. Give y(j).
6
Let y(t) = t**3 - 16*t**2 + 14*t + 11. Let a = 36530 + -36515. Give y(a).
-4
Let w(g) be the third derivative of 0 + 1/120*g**6 - 2/3*g**3 + 0*g - 7/24*g**4 + 1/10*g**5 - 16*g**2. Let p be ((-14)/4)/((-3)/(-6)). Determine w(p).
-4
Let d be -6*(294/(-63) - -6). Let u be ((-9)/2 + 2)*-2. Let l(h) = -2*h**2 - 19*h + 7. Let y(r) = -3*r**2 - 29*r + 10. Let a(o) = u*y(o) - 8*l(o). Give a(d).
2
Let u(t) be the third derivative of -1/12*t**5 - 2/3*t**3 - 8 - 1/120*t**6 + 4*t**2 - 1/4*t**4 + 0*t. Let c be (-6)/(-15) - (-22)/(-5). Determine u(c).
4
Let i(z) = -11*z - 48. Let x(t) = -7*t - 18. Let r(k) = -16*k - 37. Let s(c) = -2*r(c) + 5*x(c). Let u(d) = 2*i(d) - 7*s(d). What is u(11)?
5
Suppose 67 = -c - 5*q, -6*c + q - 153 = -3*c. Let n = -52 - c. Let p be 1 - (n/(-6 - -3))/1. Let j(r) = -6*r + 1. What is j(p)?
-5
Let d(s) be the first derivative of 1/120*s**6 + 13/2*s**2 - s**3 - 5/24*s**4 - 4 + 0*s - 1/15*s**5. Let x(l) be the second derivative of d(l). Calculate x(5).
-6
Let p(c) = -13*c - 108. Let w be p(-8). Let n(f) = 13*f - 59. Let z(k) = 3*k - 14. Let b(y) = w*n(y) + 18*z(y). Give b(5).
-6
Let f(m) = -m**3 + 9*m**2 + 21*m + 9. Let r be ((-618)/108 + (-8)/(-36))*-2. Let h be f(r). Let z(x) = 18*x + 1. What is z(h)?
-35
Suppose -69*x + 95 = 26*x. Let u(r) = -3*r - 4 + 3 - 2*r. Calculate u(x).
-6
Let b(m) = 2*m**2 - 17*m + 12. Let g be b(8). Suppose -x = g*n - 21, -4*x + x + 27 = 3*n. Let p(h) = 5*h**2 - h**3 - h**2 + 34*h - 20*h - 13*h. Determine p(n).
4
Let q(u) be the third derivative of -u**5/60 + u**4/8 + u**3/6 + 200*u**2 - 2. Suppose -6*o - 10 = -o. Determine q(o).
-9
Let o be ((-15)/(-9))/((-1)/(-6)). Let y(f) = -5*f**2 - 7*f - 18. Let t(d) = 11*d**2 + 14*d + 37. Let m(h) = -6*t(h) - 13*y(h). Determine m(o).
-18
Let o(p) = -p**3 - 8*p**2 + 4. Suppose -32*v + 562 = 82. Suppose 0 = v*w + 72 + 48. Give o(w).
4
Let i(q) be the first derivative of -q**2/2 + q + 4. Let o(j) be the second derivative of -j**3/2 + 2*j**2 + 4*j. Let l(x) = -4*i(x) + 2*o(x). Give l(4).
-4
Let u(t) = -2*t + 1. Let v be u(-4). Suppose v*q = q + 104. Let d(a) = -9*a**2 + q - 4*a + 8*a**2 + 12*a. Give d(10).
-7
Suppose -17*h - 12 = 2*a - 21*h, 0 = -4*a + h - 3. Let p(f) be the second derivative of 1/20*f**5 + 0*f**4 - 1/2*f**3 - f + a + 3/2*f**2. What is p(-3)?
-15
Let l(d) = d**3 + 8*d**2 + 37*d + 28. Let u(k) = k**3 + 8*k**2 + 44*k + 29. Let n(m) = -7*l(m) + 6*u(m). Calculate n(-9).
14
Let t(j) = -j**2 + 4*j. Let n be t(6). Suppose -5*p + 105 = 70. Let q = n + p. Let w(l) = -l**3 - 5*l**2 - l + 4. Determine w(q).
9
Let w(i) = i**3 + 14*i**2 + i + 1. Let t(z) = z + 2. Let r 